 y be c(13). What is the units digit of (-3)/(y/188) - -3?
0
Suppose -3*r = -114 + 1752. Suppose -4*q + 4 = -2*l, 4*l + 5*q + 38 = -35. What is the tens digit of 1/(-2) + r/l?
4
Suppose -4*d + 127 = -4*v - 3*d, -3*v = -2*d + 99. Let f = 17 - v. What is the units digit of f?
8
Suppose 0 = 2*s - 10, 2*s + 7 = 5*f - 23. Let b be f/(-1)*18/(-8). Suppose -b + 158 = 5*l. What is the tens digit of l?
2
Let b(h) be the third derivative of 7*h**4/12 + h**3 + 8*h**2. What is the tens digit of b(2)?
3
Suppose 2*n - x - 18 = 326, -4 = -2*x. What is the hundreds digit of n?
1
Let o(d) = -d**3 - 4*d + 615. What is the hundreds digit of o(0)?
6
Suppose -x = x. Suppose -3*z = -2*k + 2, x*z - k + 10 = 3*z. Suppose 4*v - 76 = -4*l, -18 = -4*l + z*v + 82. What is the units digit of l?
3
Suppose 0 = -2*f + 3*w + 192, -2*f - 3*f + 5*w = -490. Suppose 4*u - f = 5*t, 0*u = -4*u - t + 90. What is the tens digit of u?
2
Let u be 15/10 - 1/2. Let w = 2 + u. What is the units digit of 9 + (-8)/(-1 - w)?
1
Let x(o) = 12*o**2 - 8*o - 4. Let h be x(6). Suppose 15*n - 19*n + h = 0. What is the units digit of n?
5
Suppose 12 = -8*a + 68. Suppose 2 = a*g - 5. What is the units digit of g?
1
Let u = 25 - 23. Suppose -u*o = -0*o - 56. What is the units digit of o?
8
Suppose -v - 7 = -24. Let b(p) = 3*p**2 - p**2 + 16*p + p**2 - 4*p**2 + 22. What is the units digit of b(v)?
5
What is the tens digit of ((-231)/(-28))/11 + (-7546)/(-8)?
4
Let n = 46 - -26. What is the units digit of n?
2
Suppose 2*v = -2*c + 3740, -4*c + 4275 = -4*v - 3205. Suppose w = 2*w + 2. What is the tens digit of w/7 + c/77?
2
Suppose -b = -3*q - 177, 14*b - q - 374 = 12*b. What is the hundreds digit of b?
1
Suppose 49229 = 29*v - 40758. What is the thousands digit of v?
3
Suppose 73951 = 15*g + 19441. What is the thousands digit of g?
3
Let g = -68 + 40. Let z = g + 33. Suppose -z*a = -5*i - 65, 39 - 1 = 3*a - 4*i. What is the units digit of a?
4
Let j(v) = 2 + 0 + 2 - v + 6. Let o be j(10). Suppose -s - 2*s + 45 = o. What is the tens digit of s?
1
What is the hundreds digit of ((-34)/(-5))/((-90)/(-1575))?
1
Suppose 4*x = 5*k + 10, -11 - 4 = -5*k - x. Suppose 212 = 6*s - k*s. What is the units digit of s?
3
Suppose -10 = -x - 4*c, -11*c = -2*x - 13*c + 8. Suppose 114 = x*i - 50. What is the tens digit of i?
8
Let v be ((-8)/6 - (-3)/9)*6. What is the tens digit of 19 - (v/(-3))/((-4)/6)?
2
Let w(i) = i**2 + 2*i + 3. Let d be w(-4). Let l = 16 - d. Suppose -3*h = 2*h - l. What is the units digit of h?
1
Let n be (27 - 3)*38/8. Suppose -f - 56 = 4. Let w = n + f. What is the units digit of w?
4
Suppose 7*z = 9*z - 4. Suppose -5*j = -z*c - 497 - 505, 16 = 4*c. Suppose -5*t - 27 = -j. What is the tens digit of t?
3
Let g(c) be the third derivative of -c**4/3 - c**3 + 17*c**2. What is the units digit of g(-7)?
0
Let y = -95 + 95. Let r = 0 + 7. Suppose y = -4*h + u + 33, -5*u - 6 - r = -h. What is the units digit of h?
8
Let x(j) be the third derivative of -5*j**4/24 - 7*j**3/3 - 4*j**2. What is the tens digit of x(-7)?
2
Let w(j) = 8*j**2 - 11*j + 1. Let u be w(6). Suppose -u*b - 530 = -225*b. What is the units digit of b?
5
Let v(d) = -2*d + 12. Let b be v(0). Suppose 6*w = 2*w + b. What is the units digit of (w - 0) + 1 + 0?
4
Let r = 132 + -125. Let w be ((-9)/(-12))/((-1)/4). Let q = r + w. What is the units digit of q?
4
Suppose -13*p + p = -7992. What is the tens digit of p?
6
Suppose -2*x + 5*f = f - 130, 4*x = -2*f + 250. Suppose 0*r + x = -3*r. Let s = r - -39. What is the tens digit of s?
1
Let t = 2 + 2. Let a = 279 - 271. Suppose 4*m - a = -3*b - 3, t = -4*b. What is the units digit of m?
2
Let g(k) = 17*k + 239. What is the tens digit of g(51)?
0
Suppose 3*a + 0*a = 24. Let j(c) = c**2 - 5*c - 2. Let n be j(a). What is the units digit of (-3640)/(-55) + (-4)/n?
6
Suppose -5*f = 11 - 41. Let g be 4/f*(-39)/2. Let j = 13 - g. What is the units digit of j?
6
Suppose 241 - 73 = 7*y. Suppose 23*c - y*c = -43. What is the tens digit of c?
4
Let d(l) be the second derivative of -l**5/20 + 2*l**4/3 + l**3/2 + 2*l**2 - 7*l. Let b be d(9). What is the tens digit of (60/b)/((-4)/50)?
1
Let p(v) be the third derivative of -19*v**4/24 - v**3 - v**2. Let g be p(3). Let n = g - -113. What is the tens digit of n?
5
Suppose -n + 5*d - 3 = 0, n + 61 = -4*n + 2*d. Let k = -8 - n. Suppose 5*i - 52 = -4*q, 0 = 4*q - k*i - 36 - 56. What is the tens digit of q?
1
Suppose -166 = -2*p - 2*j, 5*j = -2*p - 2*p + 331. What is the tens digit of p?
8
Suppose x + 2*f - 758 = 0, 0 = -4*x - 3*f + 4135 - 1088. What is the units digit of x?
4
Let y be (-8)/44 - 5/((-55)/2466). Let f = y + -144. What is the units digit of f?
0
Let n = 2899 - 1971. What is the units digit of n?
8
Suppose -5*n = -n - 252. Let q = 89 - n. What is the tens digit of q?
2
Let r be (-66)/(-44)*64/6. What is the units digit of -40*6*r/(-30)?
8
Let i = -9 + 12. Suppose 2*s = 2*q - 178, 594 = 5*q + i*s + 149. What is the tens digit of q?
8
Suppose 9*d - 1359 - 450 = 0. What is the tens digit of d?
0
What is the units digit of 2107 - (8 - (6 + -3))?
2
Let q(t) = t**2 - 19*t + 10. Let c be q(16). Let o = c + 41. Let y = 10 + o. What is the tens digit of y?
1
Suppose 0 = 4*i - 15 + 3. Suppose w - i*w + 10 = 0. Suppose 30 - 190 = -w*s. What is the units digit of s?
2
Let k = -465 - -1213. What is the units digit of k?
8
Let t = -12 - -39. Let p = t - 11. What is the tens digit of p?
1
Let k = 7214 + -4651. What is the tens digit of k?
6
Suppose -30*f + 133 = -317. What is the tens digit of f?
1
Let u = -4 + 4. Suppose 3*x - 5*s - 34 - 2 = u, 4*x - 3*s = 37. Let a(n) = -n + 12. What is the units digit of a(x)?
5
Let z = -724 - -1277. What is the tens digit of z?
5
Let a(m) = m**2 - 13. Suppose 2*n + 17 = -y, 0*n + n + 6 = 2*y. What is the units digit of a(n)?
1
Suppose 0 = r + 4, -i - r = 4*r - 20. Let v = i - 12. What is the tens digit of (-96)/v*(-8 + 1)?
2
Let s(y) = y**2 + 7*y + 6. Let p = -31 + 26. Let v be s(p). What is the units digit of v - (-12 + 1 + 0)?
7
Let b(x) = -16*x - 89*x - 4 - 4 + 16. What is the tens digit of b(-2)?
1
Suppose -5*r = -3*q - 1188 + 4169, 5*q - 2*r - 4962 = 0. What is the tens digit of q?
9
Let c = 638 + -50. Suppose -2*x = -4*f + c, f = 3*f + 4*x - 314. Suppose 0*n = -2*j + 5*n + 77, 5*j = -2*n + f. What is the units digit of j?
1
Let g be (4/(-20) - 54/5) + 2. What is the units digit of ((2415/g)/7)/((-2)/6)?
5
Suppose -2*z + 1 = 5. Let q(g) be the second derivative of g**4/12 - g**2/2 - 2*g. What is the units digit of q(z)?
3
What is the tens digit of ((3 - 4) + 3)*2298/12?
8
Let d = 375 - 167. What is the hundreds digit of d?
2
Suppose 404 + 896 = -10*y. Let l = 1 - y. What is the units digit of l?
1
Suppose 38*p = 66441 - 25515. What is the thousands digit of p?
1
What is the units digit of 611 + -2 + -1 + (5 - 8)?
5
Let b(i) = i**3 + 49. Suppose 0 = -2*v + 3*v. What is the tens digit of b(v)?
4
Suppose -2*u + 3*a - 18 = -6, 4*u = 4*a - 16. Let m be (-2)/(-7) + (-30)/7. Let k = u - m. What is the units digit of k?
4
Suppose -117 = -f - 228. Let y = -56 - f. What is the tens digit of y?
5
Suppose 0 = h + 1 - 6. Suppose 112 = h*q - 113. Let d = 8 + q. What is the tens digit of d?
5
Suppose p = 2*z - 3, -3 = -0*p - 3*p. Let v(d) = 0*d - d + d**3 + 2*d + 3*d**z. What is the units digit of v(-2)?
2
What is the hundreds digit of (21/21)/((-476)/(-474) - 1)?
2
Suppose 2*c = 4, q + c = -q - 174. Let f = q - -162. What is the units digit of f?
4
Let n = -1708 - -2411. What is the hundreds digit of n?
7
Let p = 14 + -16. Let c(t) = 9*t + 4. Let a(j) = -27*j - 13. Let q(k) = -2*a(k) - 7*c(k). What is the units digit of q(p)?
6
Suppose -2*g - l + 16 = -5*g, 3*g = 2*l - 17. Let u = g + 12. What is the units digit of u?
7
Suppose 0 = 3*s - 18 + 84. Let k = s + 27. Suppose k*l - 6 - 4 = 0. What is the units digit of l?
2
Let k(f) = -f**3 + 5*f**2 + 8*f - 7. Let l be k(6). Suppose -5*d = -3*t + 5*t + 73, l*d + 4*t + 71 = 0. Let n(v) = -3*v - 10. What is the units digit of n(d)?
5
Suppose -j - 3*i = -1648, -j = -4*j - 5*i + 4944. What is the hundreds digit of 15/((-210)/(-4)) + j/14?
1
Let c = 1828 - 931. What is the tens digit of c?
9
Suppose -2*p - 35 = 3*p. Let h be (p + 5)*2/4. What is the tens digit of (32 + h)*(8 + -7)?
3
Let t be 